{"id":4414,"date":"2018-10-22T08:43:05","date_gmt":"2018-10-22T08:43:05","guid":{"rendered":"http:\/\/elemental.ee\/estil\/?page_id=4414"},"modified":"2018-10-26T11:33:39","modified_gmt":"2018-10-26T11:33:39","slug":"riello-ups","status":"publish","type":"page","link":"https:\/\/www.estil.ee\/est\/tooted-ja-teenused\/ups\/riello-ups\/","title":{"rendered":"Riello UPS"},"content":{"rendered":"\n<style type=\"text\/css\" data-created_by=\"avia_inline_auto\" id=\"style-css-av-av_section-87f36432dba7dd99a9b3af5ce3f101d9\">\n.avia-section.av-av_section-87f36432dba7dd99a9b3af5ce3f101d9{\nbackground-repeat:no-repeat;\nbackground-image:url(https:\/\/www.estil.ee\/est\/wp-content\/uploads\/2018\/10\/123header-1.jpg);\nbackground-position:50% 0%;\nbackground-attachment:scroll;\n}\n<\/style>\n<div id='teenused'  class='avia-section av-av_section-87f36432dba7dd99a9b3af5ce3f101d9 main_color avia-section-default avia-no-border-styling  avia-builder-el-0  el_before_av_textblock  avia-builder-el-first  avia-full-stretch avia-bg-style-scroll av-minimum-height av-minimum-height-custom  container_wrap sidebar_right'  data-section-bg-repeat='stretch' data-av_minimum_height_px='262'><div class='container av-section-cont-open' style='height:262px'><main  role=\"main\" itemprop=\"mainContentOfPage\"  class='template-page content  av-content-small alpha units'><div class='post-entry post-entry-type-page post-entry-4414'><div class='entry-content-wrapper clearfix'><\/div><\/div><\/main><!-- close content main element --><\/div><\/div><div id='after_section_1'  class='main_color av_default_container_wrap container_wrap sidebar_right'  ><div class='container av-section-cont-open' ><div class='template-page content  av-content-small alpha units'><div class='post-entry post-entry-type-page post-entry-4414'><div class='entry-content-wrapper clearfix'>\n<section  class='av_textblock_section av-av_textblock-396ddf1f42196ca838231e61a4602801'  itemscope=\"itemscope\" itemtype=\"https:\/\/schema.org\/CreativeWork\" ><div class='avia_textblock'  itemprop=\"text\" ><h1 style=\"text-align: left;\">Riello UPS<\/h1>\n<p style=\"text-align: justify;\"><strong>Riello UPS<\/strong>, varasema tootenimega ka\u00a0<strong>AROS<\/strong>, toodab keskmise ja suure v\u00f5imsusega UPS seadmeid, milledel on transistor ehk\u00a0<i>IGBT<\/i>\u00a0alaldi. Sellised\u00a0<i>VFI\u00a0<\/i>\u00a0ehk\u00a0<i>On-Line<\/i>\u00a0tehnoloogial baseeruvad \u00a0katkematu toite allikad on suure kasuteguriga ja nende vooluharmooniliste sageduste nivoo\u00a0<i>THDI<\/i>\u00a0UPS seadmete sisendis on v\u00e4iksem kui 3%. V\u00e4iksema v\u00f5imsusega, nii\u00a0<i>Off-line<\/i>\u00a0kui ka\u00a0<i>On-Line<\/i>\u00a0UPS seadmeid, mida Riello UPS toodab, saab paigaldada nii vertikaalselt nn\u00a0<i>Tower<\/i>\u00a0asetusega, kui ka horistontaalselt ehk\u00a0<i>rack<\/i>\u00a0asetusega. Riello UPS seadmete m\u00fc\u00fck on Eestis viimase nelja aasta jooksul suurenenud keskmiselt 25% aastas t\u00e4nu v\u00e4ga heale hinna\/ kvaliteedi suhtele.<\/p>\n<\/div><\/section>\n\n<style type=\"text\/css\" data-created_by=\"avia_inline_auto\" id=\"style-css-av-av_hr-78c3437b76b0cfc292e785efcfa7651d\">\n#top .hr.av-av_hr-78c3437b76b0cfc292e785efcfa7651d{\nmargin-top:10px;\nmargin-bottom:10px;\n}\n.hr.av-av_hr-78c3437b76b0cfc292e785efcfa7651d .hr-inner{\nwidth:100%;\nborder-color:#d8d8d8;\n}\n<\/style>\n<div  class='hr av-av_hr-78c3437b76b0cfc292e785efcfa7651d hr-custom  avia-builder-el-2  el_after_av_textblock  el_before_av_textblock  hr-center hr-icon-no'><span class='hr-inner inner-border-av-border-thin'><span class=\"hr-inner-style\"><\/span><\/span><\/div>\n<section  class='av_textblock_section av-av_textblock-396ddf1f42196ca838231e61a4602801'  itemscope=\"itemscope\" itemtype=\"https:\/\/schema.org\/CreativeWork\" ><div class='avia_textblock'  itemprop=\"text\" ><div id=\"ArticlesContainer\">\n<h3>\u00dchefaasilised On-Line UPS-id 700 &#8211; 10000 VA<\/h3>\n<\/div>\n<\/div><\/section>\n<div class='flex_column_table av-av_one_half-679ffe77f9251718f44b56f6ab8ccbf8 sc-av_one_half av-equal-height-column-flextable'>\n<style type=\"text\/css\" data-created_by=\"avia_inline_auto\" id=\"style-css-av-av_one_half-679ffe77f9251718f44b56f6ab8ccbf8\">\n.flex_column.av-av_one_half-679ffe77f9251718f44b56f6ab8ccbf8{\n-webkit-border-radius:0px 0px 0px 0px;\n-moz-border-radius:0px 0px 0px 0px;\nborder-radius:0px 0px 0px 0px;\npadding:30px 30px 30px 30px;\n}\n<\/style>\n<div class='flex_column av-av_one_half-679ffe77f9251718f44b56f6ab8ccbf8 av_one_half  avia-builder-el-4  el_after_av_textblock  el_before_av_one_half  first flex_column_table_cell av-equal-height-column av-align-top column-top-margin'     ><section  class='av_textblock_section av-av_textblock-396ddf1f42196ca838231e61a4602801'  itemscope=\"itemscope\" itemtype=\"https:\/\/schema.org\/CreativeWork\" ><div class='avia_textblock'  itemprop=\"text\" ><p style=\"text-align: left;\"><a href=\"http:\/\/www.estil.ee\/est\/public\/documents\/Sentinel_Pro.pdf\" target=\"_blank\" rel=\"noopener\">Sentinel Pro<\/a><\/p>\n<\/div><\/section><br \/>\n\n<style type=\"text\/css\" data-created_by=\"avia_inline_auto\" id=\"style-css-av-av_image-6ffa53f199eb732695c8fd3262519167\">\n.avia-image-container.av-av_image-6ffa53f199eb732695c8fd3262519167 .avia-image-container-inner{\ntransform:scale3d( 1, 1, 1 ) skew( 0, 0 ) translate3d( 0, 0, 0 );\n}\n.avia-image-container.av-av_image-6ffa53f199eb732695c8fd3262519167 img.avia_image{\nbox-shadow:none;\n}\n.avia-image-container.av-av_image-6ffa53f199eb732695c8fd3262519167 .av-image-caption-overlay-center{\ncolor:#ffffff;\n}\n\n@media only screen and (min-width: 768px) and (max-width: 989px){ \n.avia-image-container.av-av_image-6ffa53f199eb732695c8fd3262519167 .avia-image-container-inner{\ntransform:scale3d( 1, 1, 1 ) skew( 0, 0 ) translate3d( 0, 0, 0 );\n}\n}\n\n@media only screen and (min-width: 480px) and (max-width: 767px){ \n.avia-image-container.av-av_image-6ffa53f199eb732695c8fd3262519167 .avia-image-container-inner{\ntransform:scale3d( 1, 1, 1 ) skew( 0, 0 ) translate3d( 0, 0, 0 );\n}\n}\n\n@media only screen and (max-width: 479px){ \n.avia-image-container.av-av_image-6ffa53f199eb732695c8fd3262519167 .avia-image-container-inner{\ntransform:scale3d( 1, 1, 1 ) skew( 0, 0 ) translate3d( 0, 0, 0 );\n}\n}\n<\/style>\n<div  class='avia-image-container av-av_image-6ffa53f199eb732695c8fd3262519167 av-styling- avia-align-left  avia-builder-el-6  el_after_av_textblock  avia-builder-el-last  av-custom-transform'   itemprop=\"image\" itemscope=\"itemscope\" itemtype=\"https:\/\/schema.org\/ImageObject\" ><div class=\"avia-image-container-inner\"><div class=\"avia-image-overlay-wrap\"><a href=\"https:\/\/www.estil.ee\/est\/wp-content\/uploads\/2018\/10\/PRP_70_e_300_LR_520x430-1.jpg\" data-srcset=\"https:\/\/www.estil.ee\/est\/wp-content\/uploads\/2018\/10\/PRP_70_e_300_LR_520x430-1.jpg 520w, https:\/\/www.estil.ee\/est\/wp-content\/uploads\/2018\/10\/PRP_70_e_300_LR_520x430-1-300x248.jpg 300w, https:\/\/www.estil.ee\/est\/wp-content\/uploads\/2018\/10\/PRP_70_e_300_LR_520x430-1-450x372.jpg 450w\" data-sizes=\"(max-width: 520px) 100vw, 520px\" class='avia_image' ><img decoding=\"async\" class='wp-image-4416 avia-img-lazy-loading-not-4416 avia_image ' src=\"https:\/\/www.estil.ee\/est\/wp-content\/uploads\/2018\/10\/PRP_70_e_300_LR_520x430-1-300x248.jpg\" alt='' title=''  height=\"248\" width=\"300\"  itemprop=\"thumbnailUrl\" srcset=\"https:\/\/www.estil.ee\/est\/wp-content\/uploads\/2018\/10\/PRP_70_e_300_LR_520x430-1-300x248.jpg 300w, https:\/\/www.estil.ee\/est\/wp-content\/uploads\/2018\/10\/PRP_70_e_300_LR_520x430-1.jpg 520w, https:\/\/www.estil.ee\/est\/wp-content\/uploads\/2018\/10\/PRP_70_e_300_LR_520x430-1-450x372.jpg 450w\" sizes=\"(max-width: 300px) 100vw, 300px\" \/><\/a><\/div><\/div><\/div><\/p><\/div><div class='av-flex-placeholder'><\/div>\n<style type=\"text\/css\" data-created_by=\"avia_inline_auto\" id=\"style-css-av-av_one_half-942496d427c9193d17579111cc5899ff\">\n.flex_column.av-av_one_half-942496d427c9193d17579111cc5899ff{\n-webkit-border-radius:0px 0px 0px 0px;\n-moz-border-radius:0px 0px 0px 0px;\nborder-radius:0px 0px 0px 0px;\npadding:30px 30px 30px 30px;\n}\n<\/style>\n<div class='flex_column av-av_one_half-942496d427c9193d17579111cc5899ff av_one_half  avia-builder-el-7  el_after_av_one_half  el_before_av_hr  flex_column_table_cell av-equal-height-column av-align-top column-top-margin'     ><p><section  class='av_textblock_section av-av_textblock-396ddf1f42196ca838231e61a4602801'  itemscope=\"itemscope\" itemtype=\"https:\/\/schema.org\/CreativeWork\" ><div class='avia_textblock'  itemprop=\"text\" ><p><a href=\"http:\/\/www.estil.ee\/est\/public\/documents\/Sentinel_Dual.pdf\" target=\"_blank\" rel=\"noopener\">Sentinel Dual<\/a><\/p>\n<\/div><\/section><br \/>\n\n<style type=\"text\/css\" data-created_by=\"avia_inline_auto\" id=\"style-css-av-av_image-028e8f5f71de62b2a5fc3703eeb1a6f3\">\n.avia-image-container.av-av_image-028e8f5f71de62b2a5fc3703eeb1a6f3 .avia-image-container-inner{\ntransform:scale3d( 1, 1, 1 ) skew( 0, 0 ) translate3d( 0, 0, 0 );\n}\n.avia-image-container.av-av_image-028e8f5f71de62b2a5fc3703eeb1a6f3 img.avia_image{\nbox-shadow:none;\n}\n.avia-image-container.av-av_image-028e8f5f71de62b2a5fc3703eeb1a6f3 .av-image-caption-overlay-center{\ncolor:#ffffff;\n}\n\n@media only screen and (min-width: 768px) and (max-width: 989px){ \n.avia-image-container.av-av_image-028e8f5f71de62b2a5fc3703eeb1a6f3 .avia-image-container-inner{\ntransform:scale3d( 1, 1, 1 ) skew( 0, 0 ) translate3d( 0, 0, 0 );\n}\n}\n\n@media only screen and (min-width: 480px) and (max-width: 767px){ \n.avia-image-container.av-av_image-028e8f5f71de62b2a5fc3703eeb1a6f3 .avia-image-container-inner{\ntransform:scale3d( 1, 1, 1 ) skew( 0, 0 ) translate3d( 0, 0, 0 );\n}\n}\n\n@media only screen and (max-width: 479px){ \n.avia-image-container.av-av_image-028e8f5f71de62b2a5fc3703eeb1a6f3 .avia-image-container-inner{\ntransform:scale3d( 1, 1, 1 ) skew( 0, 0 ) translate3d( 0, 0, 0 );\n}\n}\n<\/style>\n<div  class='avia-image-container av-av_image-028e8f5f71de62b2a5fc3703eeb1a6f3 av-styling- avia-align-left  avia-builder-el-9  el_after_av_textblock  avia-builder-el-last  av-custom-transform'   itemprop=\"image\" itemscope=\"itemscope\" itemtype=\"https:\/\/schema.org\/ImageObject\" ><div class=\"avia-image-container-inner\"><div class=\"avia-image-overlay-wrap\"><a href=\"https:\/\/www.estil.ee\/est\/wp-content\/uploads\/2018\/10\/DIALOG_DUAL_LR_520x384-1.jpg\" data-srcset=\"https:\/\/www.estil.ee\/est\/wp-content\/uploads\/2018\/10\/DIALOG_DUAL_LR_520x384-1.jpg 520w, https:\/\/www.estil.ee\/est\/wp-content\/uploads\/2018\/10\/DIALOG_DUAL_LR_520x384-1-300x222.jpg 300w, https:\/\/www.estil.ee\/est\/wp-content\/uploads\/2018\/10\/DIALOG_DUAL_LR_520x384-1-450x332.jpg 450w\" data-sizes=\"(max-width: 520px) 100vw, 520px\" class='avia_image' ><img decoding=\"async\" class='wp-image-4415 avia-img-lazy-loading-not-4415 avia_image ' src=\"https:\/\/www.estil.ee\/est\/wp-content\/uploads\/2018\/10\/DIALOG_DUAL_LR_520x384-1-300x222.jpg\" alt='' title=''  height=\"222\" width=\"300\"  itemprop=\"thumbnailUrl\" srcset=\"https:\/\/www.estil.ee\/est\/wp-content\/uploads\/2018\/10\/DIALOG_DUAL_LR_520x384-1-300x222.jpg 300w, https:\/\/www.estil.ee\/est\/wp-content\/uploads\/2018\/10\/DIALOG_DUAL_LR_520x384-1-450x332.jpg 450w, https:\/\/www.estil.ee\/est\/wp-content\/uploads\/2018\/10\/DIALOG_DUAL_LR_520x384-1.jpg 520w\" sizes=\"(max-width: 300px) 100vw, 300px\" \/><\/a><\/div><\/div><\/div><\/p><\/div><\/div><!--close column table wrapper. Autoclose: 1 -->\n<style type=\"text\/css\" data-created_by=\"avia_inline_auto\" id=\"style-css-av-av_hr-78c3437b76b0cfc292e785efcfa7651d\">\n#top .hr.av-av_hr-78c3437b76b0cfc292e785efcfa7651d{\nmargin-top:10px;\nmargin-bottom:10px;\n}\n.hr.av-av_hr-78c3437b76b0cfc292e785efcfa7651d .hr-inner{\nwidth:100%;\nborder-color:#d8d8d8;\n}\n<\/style>\n<div  class='hr av-av_hr-78c3437b76b0cfc292e785efcfa7651d hr-custom  avia-builder-el-10  el_after_av_one_half  el_before_av_textblock  hr-center hr-icon-no'><span class='hr-inner inner-border-av-border-thin'><span class=\"hr-inner-style\"><\/span><\/span><\/div><\/p>\n<section  class='av_textblock_section av-av_textblock-396ddf1f42196ca838231e61a4602801'  itemscope=\"itemscope\" itemtype=\"https:\/\/schema.org\/CreativeWork\" ><div class='avia_textblock'  itemprop=\"text\" ><h3>Kolmefaasilised On &#8211; Line UPS-id 10 &#8211; 800 kVA<\/h3>\n<\/div><\/section>\n\n<style type=\"text\/css\" data-created_by=\"avia_inline_auto\" id=\"style-css-av-av_one_half-3d8c98379c01e050783db63b084655dd\">\n.flex_column.av-av_one_half-3d8c98379c01e050783db63b084655dd{\n-webkit-border-radius:0px 0px 0px 0px;\n-moz-border-radius:0px 0px 0px 0px;\nborder-radius:0px 0px 0px 0px;\npadding:10px 30px 30px 30px;\n}\n<\/style>\n<div class='flex_column av-av_one_half-3d8c98379c01e050783db63b084655dd av_one_half  avia-builder-el-12  el_after_av_textblock  el_before_av_one_half  first flex_column_div column-top-margin'     ><p><section  class='av_textblock_section av-av_textblock-396ddf1f42196ca838231e61a4602801'  itemscope=\"itemscope\" itemtype=\"https:\/\/schema.org\/CreativeWork\" ><div class='avia_textblock'  itemprop=\"text\" ><p><a href=\"http:\/\/www.estil.ee\/est\/public\/documents\/Multi_Sentry.pdf\" target=\"_blank\" rel=\"noopener\">Multi Sentry<\/a><\/p>\n<\/div><\/section><br \/>\n\n<style type=\"text\/css\" data-created_by=\"avia_inline_auto\" id=\"style-css-av-av_image-042e98e24c3471326a445860d78088d5\">\n.avia-image-container.av-av_image-042e98e24c3471326a445860d78088d5 .avia-image-container-inner{\ntransform:scale3d( 1, 1, 1 ) skew( 0, 0 ) translate3d( 0, 0, 0 );\n}\n.avia-image-container.av-av_image-042e98e24c3471326a445860d78088d5 img.avia_image{\nbox-shadow:none;\n}\n.avia-image-container.av-av_image-042e98e24c3471326a445860d78088d5 .av-image-caption-overlay-center{\ncolor:#ffffff;\n}\n\n@media only screen and (min-width: 768px) and (max-width: 989px){ \n.avia-image-container.av-av_image-042e98e24c3471326a445860d78088d5 .avia-image-container-inner{\ntransform:scale3d( 1, 1, 1 ) skew( 0, 0 ) translate3d( 0, 0, 0 );\n}\n}\n\n@media only screen and (min-width: 480px) and (max-width: 767px){ \n.avia-image-container.av-av_image-042e98e24c3471326a445860d78088d5 .avia-image-container-inner{\ntransform:scale3d( 1, 1, 1 ) skew( 0, 0 ) translate3d( 0, 0, 0 );\n}\n}\n\n@media only screen and (max-width: 479px){ \n.avia-image-container.av-av_image-042e98e24c3471326a445860d78088d5 .avia-image-container-inner{\ntransform:scale3d( 1, 1, 1 ) skew( 0, 0 ) translate3d( 0, 0, 0 );\n}\n}\n<\/style>\n<div  class='avia-image-container av-av_image-042e98e24c3471326a445860d78088d5 av-styling- avia-align-left  avia-builder-el-14  el_after_av_textblock  avia-builder-el-last  av-custom-transform'   itemprop=\"image\" itemscope=\"itemscope\" itemtype=\"https:\/\/schema.org\/ImageObject\" ><div class=\"avia-image-container-inner\"><div class=\"avia-image-overlay-wrap\"><a href=\"https:\/\/www.estil.ee\/est\/wp-content\/uploads\/2018\/10\/mlt_30-40_LR_520x771-1.jpg\" data-srcset=\"https:\/\/www.estil.ee\/est\/wp-content\/uploads\/2018\/10\/mlt_30-40_LR_520x771-1.jpg 520w, https:\/\/www.estil.ee\/est\/wp-content\/uploads\/2018\/10\/mlt_30-40_LR_520x771-1-202x300.jpg 202w, https:\/\/www.estil.ee\/est\/wp-content\/uploads\/2018\/10\/mlt_30-40_LR_520x771-1-475x705.jpg 475w, https:\/\/www.estil.ee\/est\/wp-content\/uploads\/2018\/10\/mlt_30-40_LR_520x771-1-450x667.jpg 450w\" data-sizes=\"(max-width: 520px) 100vw, 520px\" class='avia_image' ><img decoding=\"async\" class='wp-image-4420 avia-img-lazy-loading-not-4420 avia_image ' src=\"https:\/\/www.estil.ee\/est\/wp-content\/uploads\/2018\/10\/mlt_30-40_LR_520x771-1-202x300.jpg\" alt='' title=''  height=\"300\" width=\"202\"  itemprop=\"thumbnailUrl\" srcset=\"https:\/\/www.estil.ee\/est\/wp-content\/uploads\/2018\/10\/mlt_30-40_LR_520x771-1-202x300.jpg 202w, https:\/\/www.estil.ee\/est\/wp-content\/uploads\/2018\/10\/mlt_30-40_LR_520x771-1-475x705.jpg 475w, https:\/\/www.estil.ee\/est\/wp-content\/uploads\/2018\/10\/mlt_30-40_LR_520x771-1-450x667.jpg 450w, https:\/\/www.estil.ee\/est\/wp-content\/uploads\/2018\/10\/mlt_30-40_LR_520x771-1.jpg 520w\" sizes=\"(max-width: 202px) 100vw, 202px\" \/><\/a><\/div><\/div><\/div><\/p><\/div>\n<style type=\"text\/css\" data-created_by=\"avia_inline_auto\" id=\"style-css-av-av_one_half-c76b685edcf7a7baa955192d9b3fa40a\">\n.flex_column.av-av_one_half-c76b685edcf7a7baa955192d9b3fa40a{\n-webkit-border-radius:0px 0px 0px 0px;\n-moz-border-radius:0px 0px 0px 0px;\nborder-radius:0px 0px 0px 0px;\npadding:10px 30px 30px 30px;\n}\n<\/style>\n<div class='flex_column av-av_one_half-c76b685edcf7a7baa955192d9b3fa40a av_one_half  avia-builder-el-15  el_after_av_one_half  avia-builder-el-last  flex_column_div column-top-margin'     ><p><section  class='av_textblock_section av-av_textblock-396ddf1f42196ca838231e61a4602801'  itemscope=\"itemscope\" itemtype=\"https:\/\/schema.org\/CreativeWork\" ><div class='avia_textblock'  itemprop=\"text\" ><p><a href=\"http:\/\/www.estil.ee\/est\/public\/documents\/Master_MPS_10-800.pdf\" target=\"_blank\" rel=\"noopener\">Master MPS 10-800<\/a><\/p>\n<p><a href=\"http:\/\/www.estil.ee\/est\/public\/documents\/Master_HP_100-500.pdf\" target=\"_blank\" rel=\"noopener\">Master HP 100-500<\/a><\/p>\n<\/div><\/section><br \/>\n\n<style type=\"text\/css\" data-created_by=\"avia_inline_auto\" id=\"style-css-av-av_image-e947ba6fbd05186b9163c7ee0fd7af03\">\n.avia-image-container.av-av_image-e947ba6fbd05186b9163c7ee0fd7af03 .avia-image-container-inner{\ntransform:scale3d( 1, 1, 1 ) skew( 0, 0 ) translate3d( 0, 0, 0 );\n}\n.avia-image-container.av-av_image-e947ba6fbd05186b9163c7ee0fd7af03 img.avia_image{\nbox-shadow:none;\n}\n.avia-image-container.av-av_image-e947ba6fbd05186b9163c7ee0fd7af03 .av-image-caption-overlay-center{\ncolor:#ffffff;\n}\n\n@media only screen and (min-width: 768px) and (max-width: 989px){ \n.avia-image-container.av-av_image-e947ba6fbd05186b9163c7ee0fd7af03 .avia-image-container-inner{\ntransform:scale3d( 1, 1, 1 ) skew( 0, 0 ) translate3d( 0, 0, 0 );\n}\n}\n\n@media only screen and (min-width: 480px) and (max-width: 767px){ \n.avia-image-container.av-av_image-e947ba6fbd05186b9163c7ee0fd7af03 .avia-image-container-inner{\ntransform:scale3d( 1, 1, 1 ) skew( 0, 0 ) translate3d( 0, 0, 0 );\n}\n}\n\n@media only screen and (max-width: 479px){ \n.avia-image-container.av-av_image-e947ba6fbd05186b9163c7ee0fd7af03 .avia-image-container-inner{\ntransform:scale3d( 1, 1, 1 ) skew( 0, 0 ) translate3d( 0, 0, 0 );\n}\n}\n<\/style>\n<div  class='avia-image-container av-av_image-e947ba6fbd05186b9163c7ee0fd7af03 av-styling- avia-align-left  avia-builder-el-17  el_after_av_textblock  avia-builder-el-last  av-custom-transform'   itemprop=\"image\" itemscope=\"itemscope\" itemtype=\"https:\/\/schema.org\/ImageObject\" ><div class=\"avia-image-container-inner\"><div class=\"avia-image-overlay-wrap\"><a href=\"https:\/\/www.estil.ee\/est\/wp-content\/uploads\/2018\/10\/Rendering_Master_MPS_10-40_520x936-1.jpg\" data-srcset=\"https:\/\/www.estil.ee\/est\/wp-content\/uploads\/2018\/10\/Rendering_Master_MPS_10-40_520x936-1.jpg 520w, https:\/\/www.estil.ee\/est\/wp-content\/uploads\/2018\/10\/Rendering_Master_MPS_10-40_520x936-1-167x300.jpg 167w, https:\/\/www.estil.ee\/est\/wp-content\/uploads\/2018\/10\/Rendering_Master_MPS_10-40_520x936-1-392x705.jpg 392w, https:\/\/www.estil.ee\/est\/wp-content\/uploads\/2018\/10\/Rendering_Master_MPS_10-40_520x936-1-450x810.jpg 450w\" data-sizes=\"(max-width: 520px) 100vw, 520px\" class='avia_image' ><img decoding=\"async\" class='wp-image-4419 avia-img-lazy-loading-not-4419 avia_image ' src=\"https:\/\/www.estil.ee\/est\/wp-content\/uploads\/2018\/10\/Rendering_Master_MPS_10-40_520x936-1-167x300.jpg\" alt='' title=''  height=\"300\" width=\"167\"  itemprop=\"thumbnailUrl\" srcset=\"https:\/\/www.estil.ee\/est\/wp-content\/uploads\/2018\/10\/Rendering_Master_MPS_10-40_520x936-1-167x300.jpg 167w, https:\/\/www.estil.ee\/est\/wp-content\/uploads\/2018\/10\/Rendering_Master_MPS_10-40_520x936-1-392x705.jpg 392w, https:\/\/www.estil.ee\/est\/wp-content\/uploads\/2018\/10\/Rendering_Master_MPS_10-40_520x936-1-450x810.jpg 450w, https:\/\/www.estil.ee\/est\/wp-content\/uploads\/2018\/10\/Rendering_Master_MPS_10-40_520x936-1.jpg 520w\" sizes=\"(max-width: 167px) 100vw, 167px\" \/><\/a><\/div><\/div><\/div><\/p><\/div><\/p>\n","protected":false},"excerpt":{"rendered":"<p>This is a Page excerpt. It will be displayed for search results<\/p>\n","protected":false},"author":1,"featured_media":0,"parent":4401,"menu_order":0,"comment_status":"open","ping_status":"open","template":"","meta":{"footnotes":""},"class_list":["post-4414","page","type-page","status-publish","hentry"],"_links":{"self":[{"href":"https:\/\/www.estil.ee\/est\/wp-json\/wp\/v2\/pages\/4414","targetHints":{"allow":["GET"]}}],"collection":[{"href":"https:\/\/www.estil.ee\/est\/wp-json\/wp\/v2\/pages"}],"about":[{"href":"https:\/\/www.estil.ee\/est\/wp-json\/wp\/v2\/types\/page"}],"author":[{"embeddable":true,"href":"https:\/\/www.estil.ee\/est\/wp-json\/wp\/v2\/users\/1"}],"replies":[{"embeddable":true,"href":"https:\/\/www.estil.ee\/est\/wp-json\/wp\/v2\/comments?post=4414"}],"version-history":[{"count":3,"href":"https:\/\/www.estil.ee\/est\/wp-json\/wp\/v2\/pages\/4414\/revisions"}],"predecessor-version":[{"id":5032,"href":"https:\/\/www.estil.ee\/est\/wp-json\/wp\/v2\/pages\/4414\/revisions\/5032"}],"up":[{"embeddable":true,"href":"https:\/\/www.estil.ee\/est\/wp-json\/wp\/v2\/pages\/4401"}],"wp:attachment":[{"href":"https:\/\/www.estil.ee\/est\/wp-json\/wp\/v2\/media?parent=4414"}],"curies":[{"name":"wp","href":"https:\/\/api.w.org\/{rel}","templated":true}]}}