{"id":4379,"date":"2018-10-22T08:15:27","date_gmt":"2018-10-22T08:15:27","guid":{"rendered":"http:\/\/elemental.ee\/estil\/?page_id=4379"},"modified":"2024-04-09T07:54:09","modified_gmt":"2024-04-09T07:54:09","slug":"enatel-akulaadijad","status":"publish","type":"page","link":"https:\/\/www.estil.ee\/est\/tooted-ja-teenused\/alalisvoolususteemid\/enatel-akulaadijad\/","title":{"rendered":"Enatel akulaadijad"},"content":{"rendered":"\n<style type=\"text\/css\" data-created_by=\"avia_inline_auto\" id=\"style-css-av-2rv4ob-64213b3900504e8cb48466174899f941\">\n.avia-section.av-2rv4ob-64213b3900504e8cb48466174899f941{\nbackground-repeat:no-repeat;\nbackground-image:url(https:\/\/www.estil.ee\/est\/wp-content\/uploads\/2018\/10\/123header-1.jpg);\nbackground-position:50% 0%;\nbackground-attachment:scroll;\n}\n<\/style>\n<div id='teenused'  class='avia-section av-2rv4ob-64213b3900504e8cb48466174899f941 main_color avia-section-default avia-no-border-styling  avia-builder-el-0  el_before_av_one_half  avia-builder-el-first  avia-full-stretch avia-bg-style-scroll av-minimum-height av-minimum-height-custom  container_wrap sidebar_right'  data-section-bg-repeat='stretch' data-av_minimum_height_px='262'><div class='container av-section-cont-open' style='height:262px'><main  role=\"main\" itemprop=\"mainContentOfPage\"  class='template-page content  av-content-small alpha units'><div class='post-entry post-entry-type-page post-entry-4379'><div class='entry-content-wrapper clearfix'><\/div><\/div><\/main><!-- close content main element --><\/div><\/div><div id='after_section_1'  class='main_color av_default_container_wrap container_wrap sidebar_right'  ><div class='container av-section-cont-open' ><div class='template-page content  av-content-small alpha units'><div class='post-entry post-entry-type-page post-entry-4379'><div class='entry-content-wrapper clearfix'>\n\n<style type=\"text\/css\" data-created_by=\"avia_inline_auto\" id=\"style-css-av-2jh4rf-6f83d9462bb118081ba27b1a353228fc\">\n.flex_column.av-2jh4rf-6f83d9462bb118081ba27b1a353228fc{\n-webkit-border-radius:0px 0px 0px 0px;\n-moz-border-radius:0px 0px 0px 0px;\nborder-radius:0px 0px 0px 0px;\n}\n<\/style>\n<div class='flex_column av-2jh4rf-6f83d9462bb118081ba27b1a353228fc av_one_half  avia-builder-el-1  el_after_av_section  el_before_av_one_half  avia-builder-el-first  first flex_column_div av-zero-column-padding '     ><p>\n<style type=\"text\/css\" data-created_by=\"avia_inline_auto\" id=\"style-css-av-2ed0ob-1857598b62e274863d3cdf317bbf157a\">\n#top .av-special-heading.av-2ed0ob-1857598b62e274863d3cdf317bbf157a{\npadding-bottom:10px;\ncolor:#4c4c4c;\nfont-size:40px;\n}\nbody .av-special-heading.av-2ed0ob-1857598b62e274863d3cdf317bbf157a .av-special-heading-tag .heading-char{\nfont-size:25px;\n}\n#top #wrap_all .av-special-heading.av-2ed0ob-1857598b62e274863d3cdf317bbf157a .av-special-heading-tag{\nfont-size:40px;\n}\n.av-special-heading.av-2ed0ob-1857598b62e274863d3cdf317bbf157a .special-heading-inner-border{\nborder-color:#4c4c4c;\n}\n.av-special-heading.av-2ed0ob-1857598b62e274863d3cdf317bbf157a .av-subheading{\nfont-size:15px;\n}\n<\/style>\n<div  class='av-special-heading av-2ed0ob-1857598b62e274863d3cdf317bbf157a av-special-heading-h2 custom-color-heading blockquote modern-quote  avia-builder-el-2  el_before_av_textblock  avia-builder-el-first  av-thin-font av-inherit-size'><h2 class='av-special-heading-tag'  itemprop=\"headline\"  ><strong>Enatel<\/strong> akulaadijad<\/h2><div class=\"special-heading-border\"><div class=\"special-heading-inner-border\"><\/div><\/div><\/div><br \/>\n<section  class='av_textblock_section av-lxudmz-8799bfa626c9f0c0cd7317d342311da7'  itemscope=\"itemscope\" itemtype=\"https:\/\/schema.org\/CreativeWork\" ><div class='avia_textblock'  itemprop=\"text\" ><p><a href=\"http:\/\/www.estil.ee\/est\/public\/documents\/2U_Compact_HV_110V_Brochure.pdf\" target=\"_blank\" rel=\"noopener\">2U Ultra Compact HV 110V<\/a><\/p>\n<p><a href=\"http:\/\/www.estil.ee\/est\/public\/documents\/5U_Maxi_Compact_Series_DC_Power_Solutions_DRAFT.pdf\" target=\"_blank\" rel=\"noopener\">5U Maxi Compact HV 110V<\/a><\/p>\n<p><a href=\"http:\/\/www.estil.ee\/est\/public\/documents\/090004_120V_2U_Compact_Schematic.pdf\" target=\"_blank\" rel=\"noopener\">2U Ultra Compact HV 110V elektriline skeem<\/a><\/p>\n<\/div><\/section><br \/>\n\n<style type=\"text\/css\" data-created_by=\"avia_inline_auto\" id=\"style-css-av-kipo7f-1610ffa73cce09e9136db2b5db6d819d\">\n#top .hr.av-kipo7f-1610ffa73cce09e9136db2b5db6d819d{\nmargin-top:10px;\nmargin-bottom:10px;\n}\n.hr.av-kipo7f-1610ffa73cce09e9136db2b5db6d819d .hr-inner{\nwidth:100%;\nborder-color:#d8d8d8;\n}\n<\/style>\n<div  class='hr av-kipo7f-1610ffa73cce09e9136db2b5db6d819d hr-custom  avia-builder-el-4  el_after_av_textblock  el_before_av_textblock  hr-center hr-icon-no'><span class='hr-inner inner-border-av-border-thin'><span class=\"hr-inner-style\"><\/span><\/span><\/div><br \/>\n<section  class='av_textblock_section av-itstaz-26c368c10a056854da80d4da1ada6476'  itemscope=\"itemscope\" itemtype=\"https:\/\/schema.org\/CreativeWork\" ><div class='avia_textblock'  itemprop=\"text\" ><p><strong>Alaldi RM30110<\/strong><\/p>\n<\/div><\/section><br \/>\n\n<style type=\"text\/css\" data-created_by=\"avia_inline_auto\" id=\"style-css-av-he9ym3-a1ae8721c956366462b4d62e71599399\">\n.avia-image-container.av-he9ym3-a1ae8721c956366462b4d62e71599399 img.avia_image{\nbox-shadow:none;\n}\n.avia-image-container.av-he9ym3-a1ae8721c956366462b4d62e71599399 .av-image-caption-overlay-center{\ncolor:#ffffff;\n}\n<\/style>\n<div  class='avia-image-container av-he9ym3-a1ae8721c956366462b4d62e71599399 av-styling- avia-align-left  avia-builder-el-6  el_after_av_textblock  el_before_av_hr '   itemprop=\"image\" itemscope=\"itemscope\" itemtype=\"https:\/\/schema.org\/ImageObject\" ><div class=\"avia-image-container-inner\"><div class=\"avia-image-overlay-wrap\"><a href=\"https:\/\/www.estil.ee\/est\/wp-content\/uploads\/2018\/10\/rm30110_520x308-1.jpg\" data-srcset=\"https:\/\/www.estil.ee\/est\/wp-content\/uploads\/2018\/10\/rm30110_520x308-1.jpg 520w, https:\/\/www.estil.ee\/est\/wp-content\/uploads\/2018\/10\/rm30110_520x308-1-300x178.jpg 300w, https:\/\/www.estil.ee\/est\/wp-content\/uploads\/2018\/10\/rm30110_520x308-1-450x267.jpg 450w\" data-sizes=\"(max-width: 520px) 100vw, 520px\" class='avia_image' ><img decoding=\"async\" class='wp-image-4381 avia-img-lazy-loading-not-4381 avia_image ' src=\"https:\/\/www.estil.ee\/est\/wp-content\/uploads\/2018\/10\/rm30110_520x308-1-300x178.jpg\" alt='' title=''  height=\"178\" width=\"300\"  itemprop=\"thumbnailUrl\" srcset=\"https:\/\/www.estil.ee\/est\/wp-content\/uploads\/2018\/10\/rm30110_520x308-1-300x178.jpg 300w, https:\/\/www.estil.ee\/est\/wp-content\/uploads\/2018\/10\/rm30110_520x308-1-450x267.jpg 450w, https:\/\/www.estil.ee\/est\/wp-content\/uploads\/2018\/10\/rm30110_520x308-1.jpg 520w\" sizes=\"(max-width: 300px) 100vw, 300px\" \/><\/a><\/div><\/div><\/div><br \/>\n\n<style type=\"text\/css\" data-created_by=\"avia_inline_auto\" id=\"style-css-av-g6soaz-31b8034fbe7ae77c3fe0a21e01d63d9c\">\n#top .hr.av-g6soaz-31b8034fbe7ae77c3fe0a21e01d63d9c{\nmargin-top:10px;\nmargin-bottom:10px;\n}\n.hr.av-g6soaz-31b8034fbe7ae77c3fe0a21e01d63d9c .hr-inner{\nwidth:100%;\nborder-color:#d8d8d8;\n}\n<\/style>\n<div  class='hr av-g6soaz-31b8034fbe7ae77c3fe0a21e01d63d9c hr-custom  avia-builder-el-7  el_after_av_image  el_before_av_textblock  hr-center hr-icon-no'><span class='hr-inner inner-border-av-border-thin'><span class=\"hr-inner-style\"><\/span><\/span><\/div><br \/>\n<section  class='av_textblock_section av-eck797-764802c376952780f0fb7140395cdec8'  itemscope=\"itemscope\" itemtype=\"https:\/\/schema.org\/CreativeWork\" ><div class='avia_textblock'  itemprop=\"text\" ><p><strong>Kontroller SM34<\/strong><\/p>\n<\/div><\/section><\/p><\/div>\n<style type=\"text\/css\" data-created_by=\"avia_inline_auto\" id=\"style-css-av-b07fbf-cc667204eff0668815c16e14b3d2a8f8\">\n.flex_column.av-b07fbf-cc667204eff0668815c16e14b3d2a8f8{\n-webkit-border-radius:0px 0px 0px 0px;\n-moz-border-radius:0px 0px 0px 0px;\nborder-radius:0px 0px 0px 0px;\n}\n<\/style>\n<div class='flex_column av-b07fbf-cc667204eff0668815c16e14b3d2a8f8 av_one_half  avia-builder-el-9  el_after_av_one_half  avia-builder-el-last  flex_column_div av-zero-column-padding '     ><section  class='av_textblock_section av-97pbmz-e530b1367c70248fbc15fe4d2cc6252b'  itemscope=\"itemscope\" itemtype=\"https:\/\/schema.org\/CreativeWork\" ><div class='avia_textblock'  itemprop=\"text\" ><p style=\"text-align: justify;\"><b>Akulaadijaid\u00a0<\/b>kasutatakse energiasalvestiste<b>\u00a0<\/b>ehk akumulaatorite laadimiseks ning alalisvoolu tarbijate toitmiseks. Akulaadijad koos akudega on alalisvoolu UPS seadmeteks. T\u00f6\u00f6stusobjektide jaoks valmistatud akulaadijates kasutatakse tavaliselt paralleelt\u00f6\u00f6s olevaid (\u00a0<i>parallel redundant\u00a0<\/i>) \u00a0alaldeid, mis t\u00f5stab oluliselt kogu alalisvoolus\u00fcsteemi t\u00f6\u00f6kindlust. Akulaadimisvool on temperatuurkompenseeritud ja laadimisk\u00f5ver on nn IU karakteristikuga.<\/p>\n<\/div><\/section><br \/>\n\n<style type=\"text\/css\" data-created_by=\"avia_inline_auto\" id=\"style-css-av-733wnv-1b5e68c6f2b903ddbd75f5a49c7f2c21\">\n#top .hr.av-733wnv-1b5e68c6f2b903ddbd75f5a49c7f2c21{\nmargin-top:10px;\nmargin-bottom:10px;\n}\n.hr.av-733wnv-1b5e68c6f2b903ddbd75f5a49c7f2c21 .hr-inner{\nwidth:100%;\nborder-color:#d8d8d8;\n}\n<\/style>\n<div  class='hr av-733wnv-1b5e68c6f2b903ddbd75f5a49c7f2c21 hr-custom  avia-builder-el-11  el_after_av_textblock  el_before_av_textblock  hr-center hr-icon-no'><span class='hr-inner inner-border-av-border-thin'><span class=\"hr-inner-style\"><\/span><\/span><\/div><br \/>\n<section  class='av_textblock_section av-59usrf-c59dca9136e0c38c87368ca05b89c35f'  itemscope=\"itemscope\" itemtype=\"https:\/\/schema.org\/CreativeWork\" ><div class='avia_textblock'  itemprop=\"text\" ><p style=\"text-align: justify;\"><b>Alaldi<\/b>\u00a0on seade, mis muundab vahelduvvoolu alalisvooluks. Seda protsessi nimetatakse alaldamiseks. Akulaadijates kasutatavate alaldite t\u00fc\u00fcrimiseks kasutatakse kas amplituudt\u00fc\u00fcrimist v\u00f5i impulssmodulatsiooniga nn (\u00a0<i>PWM\u00a0<\/i>) impulsst\u00fc\u00fcrimist. T\u00fc\u00fcritavateks elementideks on vastavalt kas GTO t\u00fcristorid v\u00f5i MOSFET ning IGBT transistorid.<\/p>\n<\/div><\/section><br \/>\n\n<style type=\"text\/css\" data-created_by=\"avia_inline_auto\" id=\"style-css-av-3thaob-66dde3f2ac027dc02485eb20b25de4c8\">\n#top .hr.av-3thaob-66dde3f2ac027dc02485eb20b25de4c8{\nmargin-top:10px;\nmargin-bottom:10px;\n}\n.hr.av-3thaob-66dde3f2ac027dc02485eb20b25de4c8 .hr-inner{\nwidth:100%;\nborder-color:#d8d8d8;\n}\n<\/style>\n<div  class='hr av-3thaob-66dde3f2ac027dc02485eb20b25de4c8 hr-custom  avia-builder-el-13  el_after_av_textblock  el_before_av_textblock  hr-center hr-icon-no'><span class='hr-inner inner-border-av-border-thin'><span class=\"hr-inner-style\"><\/span><\/span><\/div><br \/>\n<section  class='av_textblock_section av-1yv3sr-d39c151f880f6e7c5e6d3f5fd8985b64'  itemscope=\"itemscope\" itemtype=\"https:\/\/schema.org\/CreativeWork\" ><div class='avia_textblock'  itemprop=\"text\" ><p style=\"text-align: justify;\"><b>Alalisvoolus\u00fcsteemid<\/b>\u00a0(\u00a0<i>DC systems<\/i>) on seadmete kogumid, mis konverteerivad vahelduvvoolu alalisvooluks ( alaldid, akulaadijad ) v\u00f5i alalisvoolu vahelduvvooluks ( inverterid). Alalisvoolus\u00fcsteemid v\u00f5ivad salvestada energia ka akudesse, et toita nii alalisvoolu, kui ka vahelduvvoolu tarbijaid ( inverter) katkestusvabalt. Alalisvooluseadmete t\u00f6\u00f6d juhib kontroller. Kontrolleri vahendusel saab s\u00e4testada parameetreid ja teostada kontrolli seadmete \u00fcle. Alarmide edastamiseks kasutatakse kas potnetsiaalivabasid kontakte ja\/v\u00f5i erinevatel v\u00f5rguprotokollidel p\u00f5hinevaid kommunikatsioonikaarte.<\/p>\n<\/div><\/section><\/p><\/div><\/p>\n","protected":false},"excerpt":{"rendered":"<p>This is a Page excerpt. It will be displayed for search results<\/p>\n","protected":false},"author":1,"featured_media":0,"parent":4292,"menu_order":0,"comment_status":"open","ping_status":"open","template":"","meta":{"footnotes":""},"class_list":["post-4379","page","type-page","status-publish","hentry"],"_links":{"self":[{"href":"https:\/\/www.estil.ee\/est\/wp-json\/wp\/v2\/pages\/4379","targetHints":{"allow":["GET"]}}],"collection":[{"href":"https:\/\/www.estil.ee\/est\/wp-json\/wp\/v2\/pages"}],"about":[{"href":"https:\/\/www.estil.ee\/est\/wp-json\/wp\/v2\/types\/page"}],"author":[{"embeddable":true,"href":"https:\/\/www.estil.ee\/est\/wp-json\/wp\/v2\/users\/1"}],"replies":[{"embeddable":true,"href":"https:\/\/www.estil.ee\/est\/wp-json\/wp\/v2\/comments?post=4379"}],"version-history":[{"count":4,"href":"https:\/\/www.estil.ee\/est\/wp-json\/wp\/v2\/pages\/4379\/revisions"}],"predecessor-version":[{"id":5021,"href":"https:\/\/www.estil.ee\/est\/wp-json\/wp\/v2\/pages\/4379\/revisions\/5021"}],"up":[{"embeddable":true,"href":"https:\/\/www.estil.ee\/est\/wp-json\/wp\/v2\/pages\/4292"}],"wp:attachment":[{"href":"https:\/\/www.estil.ee\/est\/wp-json\/wp\/v2\/media?parent=4379"}],"curies":[{"name":"wp","href":"https:\/\/api.w.org\/{rel}","templated":true}]}}